{"id":137,"date":"2019-03-27T13:24:19","date_gmt":"2019-03-27T12:24:19","guid":{"rendered":"http:\/\/relaunch.musikzug-schloss-neuhaus.de\/?page_id=137"},"modified":"2019-09-09T11:02:31","modified_gmt":"2019-09-09T10:02:31","slug":"links","status":"publish","type":"page","link":"https:\/\/www.musikzug-schloss-neuhaus.de\/?page_id=137","title":{"rendered":"Links"},"content":{"rendered":"\n<table class=\"wp-block-table is-style-stripes\"><tbody><tr><td><a href=\"https:\/\/www.bsv-sn.de\"> B\u00fcrger-Sch\u00fctzen-Verein Schlo\u00df Neuhaus 1913 &#8211; St. Henricus-Bruderschaft e. V. &#8211;<\/a><\/td><\/tr><tr><td><a href=\"http:\/\/www.hatzfelder-kompanie.de\"> Hatzfelder-Kompanie<\/a><\/td><\/tr><tr><td> <a href=\"http:\/\/www.marktkompanie.de\" target=\"_blank\" rel=\"noreferrer noopener\" aria-label=\" (\u00f6ffnet in neuem Tab)\">Markt-Kompanie<\/a><\/td><\/tr><tr><td> <a href=\"http:\/\/residenzkompanie.de\" target=\"_blank\" rel=\"noreferrer noopener\" aria-label=\" (\u00f6ffnet in neuem Tab)\">Residenz-Kompanie<\/a><\/td><\/tr><tr><td><a href=\"https:\/\/www.schloss-kompanie.de\"> Schlo\u00df-Kompanie<\/a><\/td><\/tr><tr><td> <a href=\"http:\/\/www.tambourkorps-schloss-neuhaus.de\" target=\"_blank\" rel=\"noreferrer noopener\" aria-label=\" (\u00f6ffnet in neuem Tab)\">Tambourkorps Schlo\u00df Neuhaus<\/a><\/td><\/tr><tr><td> <a href=\"https:\/\/www.schuetzen-sennelager.de\" target=\"_blank\" rel=\"noreferrer noopener\" aria-label=\" (\u00f6ffnet in neuem Tab)\">St. Hubertus Sch\u00fctzenbruderschaft Sennelager 1923 e.V.<\/a><\/td><\/tr><tr><td> <a href=\"http:\/\/www.nesthausen.de\" target=\"_blank\" rel=\"noreferrer noopener\" aria-label=\" (\u00f6ffnet in neuem Tab)\">Heimatverein Nesthausen<\/a><\/td><\/tr><tr><td> <a href=\"http:\/\/sch\u00fctzenverein-elsen.de\" target=\"_blank\" rel=\"noreferrer noopener\" aria-label=\" (\u00f6ffnet in neuem Tab)\">St. Hubertus-Sch\u00fctzenbruderschaft 1921 Elsen e.V.<\/a><\/td><\/tr><tr><td> <a href=\"https:\/\/www.vmb-nrw.de\" target=\"_blank\" rel=\"noreferrer noopener\" aria-label=\" (\u00f6ffnet in neuem Tab)\">Volksmusikerbund NRW&nbsp;<\/a><\/td><\/tr><tr><td> <a href=\"https:\/\/hl-martin-schlossneuhaus.de\" target=\"_blank\" rel=\"noreferrer noopener\" aria-label=\" (\u00f6ffnet in neuem Tab)\">Katholische Pfarrei Heiliger Martin von Tours Schlo\u00df Neuhaus<\/a><\/td><\/tr><\/tbody><\/table>\n","protected":false},"excerpt":{"rendered":"<p>B\u00fcrger-Sch\u00fctzen-Verein Schlo\u00df Neuhaus 1913 &#8211; St. Henricus-Bruderschaft e. V. &#8211; Hatzfelder-Kompanie Markt-Kompanie Residenz-Kompanie Schlo\u00df-Kompanie Tambourkorps Schlo\u00df Neuhaus St. Hubertus Sch\u00fctzenbruderschaft Sennelager 1923 e.V. Heimatverein Nesthausen St. Hubertus-Sch\u00fctzenbruderschaft 1921 Elsen e.V. Volksmusikerbund NRW&nbsp; Katholische Pfarrei Heiliger Martin von Tours Schlo\u00df Neuhaus<\/p>\n","protected":false},"author":1,"featured_media":0,"parent":0,"menu_order":0,"comment_status":"closed","ping_status":"closed","template":"","meta":{"_cbd_carousel_blocks":"[]","ngg_post_thumbnail":0,"footnotes":""},"class_list":["post-137","page","type-page","status-publish","hentry"],"_links":{"self":[{"href":"https:\/\/www.musikzug-schloss-neuhaus.de\/index.php?rest_route=\/wp\/v2\/pages\/137","targetHints":{"allow":["GET"]}}],"collection":[{"href":"https:\/\/www.musikzug-schloss-neuhaus.de\/index.php?rest_route=\/wp\/v2\/pages"}],"about":[{"href":"https:\/\/www.musikzug-schloss-neuhaus.de\/index.php?rest_route=\/wp\/v2\/types\/page"}],"author":[{"embeddable":true,"href":"https:\/\/www.musikzug-schloss-neuhaus.de\/index.php?rest_route=\/wp\/v2\/users\/1"}],"replies":[{"embeddable":true,"href":"https:\/\/www.musikzug-schloss-neuhaus.de\/index.php?rest_route=%2Fwp%2Fv2%2Fcomments&post=137"}],"version-history":[{"count":5,"href":"https:\/\/www.musikzug-schloss-neuhaus.de\/index.php?rest_route=\/wp\/v2\/pages\/137\/revisions"}],"predecessor-version":[{"id":1401,"href":"https:\/\/www.musikzug-schloss-neuhaus.de\/index.php?rest_route=\/wp\/v2\/pages\/137\/revisions\/1401"}],"wp:attachment":[{"href":"https:\/\/www.musikzug-schloss-neuhaus.de\/index.php?rest_route=%2Fwp%2Fv2%2Fmedia&parent=137"}],"curies":[{"name":"wp","href":"https:\/\/api.w.org\/{rel}","templated":true}]}}